0
11
-4 (base 10) to base 7
-4
-30 (base 5) to base 9
-16
What is 1022 (base 3) in base 9?
38
-5 (base 13) to base 12
-5
What is 108 (base 11) in base 4?
2001
465 (base 8) to base 11
261
-1101 (base 2) to base 10
-13
Convert -1 (base 6) to base 7.
-1
What is -3a (base 12) in base 4?
-232
Convert 5 (base 6) to base 14.
5
-20101 (base 3) to base 9
-211
What is 110 (base 2) in base 9?
6
Convert 19 (base 11) to base 14.
16
4 (base 16) to base 15
4
What is 12 (base 11) in base 13?
10
Convert -33 (base 16) to base 11.
-47
-2 (base 14) to base 5
-2
Convert 6 (base 9) to base 12.
6
What is -4 (base 8) in base 7?
-4
10 (base 7) to base 12
7
Convert 54 (base 7) to base 9.
43
Convert -8 (base 15) to base 16.
-8
What is -55 (base 6) in base 2?
-100011
-123 (base 4) to base 9
-30
1 (base 16) to base 3
1
4 (base 10) to base 13
4
Convert c (base 15) to base 8.
14
What is 2 (base 15) in base 3?
2
4 (base 11) to base 9
4
Convert 12 (base 14) to base 12.
14
Convert -53 (base 10) to base 2.
-110101
What is -3 (base 8) in base 6?
-3
Convert 3a (base 12) to base 5.
141
What is -21 (base 3) in base 7?
-10
-7 (base 11) to base 5
-12
-21 (base 3) to base 14
-7
What is -20 (base 4) in base 7?
-11
Convert -3 (base 8) to base 9.
-3
11 (base 3) to base 10
4
Convert 3 (base 10) to base 9.
3
Convert 21 (base 3) to base 5.
12
Convert -1112 (base 3) to base 5.
-131
What is -47 (base 10) in base 4?
-233
12120 (base 3) to base 8
226
c2 (base 15) to base 2
10110110
10 (base 11) to base 12
b
-27 (base 10) to base 5
-102
-105 (base 7) to base 8
-66
-27 (base 13) to base 11
-30
Convert -4 (base 5) to base 7.
-4
Convert 1 (base 13) to base 6.
1
-30 (base 4) to base 16
-c
-2 (base 9) to base 10
-2
Convert 8 (base 14) to base 6.
12
What is -6 (base 16) in base 10?
-6
1 (base 13) to base 11
1
Convert -b0 (base 14) to base 6.
-414
Convert -2 (base 10) to base 2.
-10
What is 0 (base 13) in base 11?
0
Convert 2 (base 16) to base 3.
2
Convert 14 (base 9) to base 13.
10
8d (base 14) to base 10
125
What is -23 (base 6) in base 2?
-1111
Convert 4 (base 8) to base 16.
4
What is 1c (base 14) in base 7?
35
2 (base 6) to base 16
2
What is -7 (base 8) in base 16?
-7
What is 105 (base 12) in base 16?
95
1a8 (base 12) to base 2
100010000
What is -9 (base 16) in base 7?
-12
Convert 158 (base 12) to base 5.
1322
25 (base 16) to base 13
2b
Convert -2b (base 15) to base 2.
-101001
Convert 261 (base 8) to base 16.
b1
What is 14 (base 12) in base 5?
31
What is -3 (base 7) in base 4?
-3
What is 8 (base 11) in base 12?
8
Convert -5 (base 9) to base 15.
-5
-32 (base 5) to base 7
-23
What is -144 (base 7) in base 11?
-74
Convert 19 (base 10) to base 13.
16
Convert 10 (base 3) to base 4.
3
Convert 174 (base 14) to base 12.
20a
What is -4 (base 12) in base 7?
-4
What is -314 (base 7) in base 5?
-1113
Convert 24 (base 12) to base 16.
1c
-100 (base 7) to base 11
-45
Convert 0 (base 7) to base 12.
0
100 (base 2) to base 13
4
Convert 32 (base 8) to base 13.
20
10200 (base 3) to base 16
63
-112 (base 7) to base 8
-72
-3 (base 7) to base 11
-3
What is 303 (base 6) in base 14?
7d
Convert b1 (base 14) to base 2.
10011011
3 (base 10) to base 6
3
111 (base 3) to base 16
d
Convert -d (base 15) to base 11.
-12
Convert -31 (base 12) to base 5.
-122
Convert 9 (base 15) to base 12.
9
Convert -4 (base 10) to base 6.
-4
What is -90 (base 11) in base 14?
-71
-50 (base 15) to base 8
-113
Convert -9 (base 16) to base 10.
-9
1a (base 15) to base 12
21
What is -4 (base 15) in base 10?
-4
Convert 61 (base 7) to base 15.
2d
-1 (base 9) to base 10
-1
What is 10 (base 2) in base 15?
2
Convert 128 (base 9) to base 3.
10222
What is -2 (base 7) in base 4?
-2
What is 442 (base 5) in base 9?
145
-2 (base 15) to base 8
-2
What is -1 (base 16) in base 13?
-1
Convert a (base 15) to base 8.
12
155 (base 6) to base 9
78
101001 (base 2) to base 11
38
f (base 16) to base 10
15
2 (base 3) to base 4
2
Convert 2 (base 9) to base 2.
10
Convert 6 (base 10) to base 11.
6
0 (base 2) to base 5
0
What is -12 (base 3) in base 12?
-5
What is 3 (base 16) in base 12?
3
What is -313 (base 6) in base 3?
-11100
Convert -12 (base 4) to base 5.
-11
What is 62 (base 8) in base 14?
38
-3 (base 13) to base 8
-3
-110 (base 3) to base 14
-c
Convert 9 (base 15) to base 6.
13
Convert -4 (base 7) to base 9.
-4
What is 9 (base 11) in base 7?
12
-10 (base 13) to base 12
-11
Convert -4 (base 13) to base 3.
-11
Convert -101010011 (base 2) to base 14.
-1a3
Convert -6 (base 11) to base 8.
-6
Convert 5 (base 8) to base 10.
5
Convert 9 (base 16) to base 15.
9
-6 (base 13) to base 7
-6
Convert 22 (base 8) to base 3.
200
What is 2 (base 14) in base 13?
2
What is -1 (base 12) in base 2?
-1
53 (base 11) to base 5
213
What is -c (base 14) in base 12?
-10
What is -7b (base 12) in base 5?
-340
4 (base 13) to base 6
4
What is 0 (base 6) in base 8?
0
What is 75 (base 8) in base 3?
2021
12 (base 14) to base 12
14
-24 (base 11) to base 8
-32
Convert -2 (base 16) to base 6.
-2
Convert -3 (base 8) to base 3.
-10
Convert -101 (base 2) to base 15.
-5
Convert 46 (base 15) to base 2.
1000010
What is ab (base 13) in base 15?
96
Convert 3 (base 7) to base 4.
3
What is -452 (base 6) in base 3?
-20112
What is -4 (base 6) in base 3?
-11
Convert -1 (base 10) to base 3.
-1
What is -121 (base 5) in base 11?
-33
-31 (base 4) to base 16
-d
What is 11 (base 2) in base 13?
3
-340 (base 5) to base 7
-164
-3 (base 16) to base 6
-3
What is 30 (base 9) in base 2?
11011
Convert -4 (base 6) to base 14.
-4
Convert -134 (base 7) to base 15.
-4e
What is 22 (base 5) in base 3?
110
What is 21112 (base 3) in base 15?
d8
What is 8 (base 11) in base 4?
20
Convert -5 (base 7) to base 13.
-5
3 (base 9) to base 3
10
3 (base 6) to base 11
3
Convert -66 (base 7) to base 15.
-33
-3 (base 15) to base 16
-3
Convert -4 (base 11) to base 3.
-11
What is 10101 (base 2) in base 3?
210
Convert 4 (base 5) to base 8.
4
What is -1 (base 3) in base 4?
-1
What is 513 (base 6) in base 8?
275
Convert 2f (base 16) to base 11.
43
What is -13 (base 10) in base 7?
-16
-300 (base 4) to base 14
-36
5 (base 15) to base 6
5
What is -1 (base 7) in base 6?
-1
What is 0 (base 3) in base 11?
0
-101 (base 2) to base 15
-5
What is 3 (base 13) in base 16?
3
Convert 18 (base 11) to base 9.
21
What is 1 (base 5) in base 2?
1
Convert -7 (base 12) to base 15.
-7
-314 (base 5) to base 8
-124
71 (base 9) to base 12
54
What is -235 (base 7) in base 13?
-97
What is 3 (base 8) in base 14?
3
What is 223 (base 6) in base 10?
87
What is -119 (base 12) in base 8?
-245
Convert 5 (base 7) to base 14.
5
a (base 15) to base 12
a
What is 0 (base 4) in base 15?
0
Convert 5 (base 16) to base 15.
5
-3a (base 13) to base 14
-37
-4 (base 7) to base 14
-4
Convert -10 (base 5) to base 2.
-101
Convert -15 (base 8) to base 9.
-14
-28 (base 10) to base 9
-31
1a6 (base 13) to base 3
102022
Convert -241 (base 11) to base 10.
-287
2 (base 5) to base 4
2
11 (base 7) to base 10
8
What is -40 (base 16) in base 8?
-100
Convert -11 (base 5) to base 8.
-6
-6 (base 13) to base 9
-6
Convert 10 (base 13) to base 8.
15
1 (base 9) to base 6
1
What is 77 (base 12) in base 6?
231
What is -5 (base 6) in base 13?
-5
Convert -32 (base 12) to base 5.
-123
Convert 2110 (base 3) to base 10.
66
100 (base 4) to base 7
22
What is b (base 16) in base 7?
14
What is -12200 (base 3) in base 13?
-ba
What is -101 (base 3) in base 8?
-12
Convert -d (base 16) to base 8.
-15
-2 (base 5) to base 7
-2
What is -400 (base 8) in base 10?
-256
What is 0 (base 10) in base 13?
0
What is 33 (base 6) in base 11?
1a
8c (base 13) to base 6
312
What is 16 (base 13) in base 11?
18
a (base 11) to base 9
11
What is -1 (base 16) in base 10?
-1
What is 2042 (base 5) in base 14?
156
What is 2 (base 15) in base 7?
2
What is 21 (base 4) in base 7?
12
What is 303 (base 5) in base 7?
141
15 (base 8) to base 15
d
6 (base 15) to base 7
6
What is 111 (base 2) in base 3?
21
111 (base 5) to base 14
23
157 (base 9) to base 3
11221
What is -9 (base 12) in base 4?
-21
Convert 1 (base 12) to base 15.
1
43 (base 16) to base 9
74
What is -170 (base 8) in base 16?
-78
Convert -1 (base 3) to base 7.
-1
What is 6 (base 10) in base 8?
6
What is 57 (base 10) in base 7?
111
What is -5 (base 8) in base 4?
-11
What is 510 (base 9) in base 5?
3124
Convert 